1
Let v(b) = -b**3 + 7*b**2 - 14*b - 10 + 20*b - 5*b. Calculate v(7).
-3
Let n(a) = -a + 4. Suppose b + 4 = -4*r, -5*r - 13 = -5*b + 17. Suppose -7 = -i + 3*g, -b + 0 = 4*g. Give n(i).
0
Let l = -2 - -6. Let q(p) = -p**3 + 3*p**2 + 6*p - 3. What is q(l)?
5
Let o(j) be the third derivative of -5*j**4/24 + j**3/3 + 16*j**2. Determine o(3).
-13
Let v(x) = -x**2 - 5*x - 4. Let f be v(-4). Let l(c) = -c**2 - 18. Calculate l(f).
-18
Let w(k) = k**3 - k**2 + 3. Let t be w(0). Let l(b) = b**t - 6 + b**2 + 8*b - 8*b**2 + 1. Calculate l(5).
-15
Suppose 0*f = 3*f + 12. Let q(i) = -2*i - 2. Determine q(f).
6
Let n(c) be the second derivative of -c**3/3 + 7*c**2/2 + 7*c. Suppose 7 = 2*l - 3. Calculate n(l).
-3
Let h(i) = -i**2 - 6*i + 5. Suppose -5*y = -c - 11 - 4, -3*c + 4*y = 23. Calculate h(c).
10
Let b(d) be the second derivative of d**4/12 + d**3 - 12*d. What is b(-5)?
-5
Let f(j) = 5*j**2 + 4*j**2 + 1 - 3*j**2 + 2*j + 0*j**2. Calculate f(-1).
5
Suppose 3*v = 4*v. Let d be -3 - (-1 + 0)*8. Let j(u) = 2*u - u - 6 + 0*u - d. Calculate j(v).
-11
Let y = -15 - -17. Let a(s) = -3*s + 4. Let z be a(y). Let i(n) = 2*n**3 + 4*n**2 + 3*n + 2. What is i(z)?
-4
Let m(f) = -f**2 - 17*f - 20. Let t be m(-16). Let u(p) = 3*p + 6. Give u(t).
-6
Suppose -i - 10 = -4*w + 10, 2*w - 4*i - 10 = 0. Let s(b) = -b**3 + 4*b**2 + 7*b + 2. Determine s(w).
12
Let a be (2 - 3 - 3) + 0. Suppose -5*r + r = -m - 1, 3*r - 15 = -4*m. Let d(c) = -c + 0*c + 5 + m*c. Determine d(a).
-3
Let v be 34/12 + (-3)/(-18). Let y(x) = 8*x - 8. Let r(u) = -u + 1. Let l be 1/((-2)/2 + 0). Let b(d) = l*y(d) - 6*r(d). Calculate b(v).
-4
Suppose 0 = 3*k - 2*k. Suppose c + 2 = -1, k = 5*g - c - 33. Suppose -2*q = -4, -u + 5*q = 4*q + g. Let l(x) = x**2 + 7*x + 5. What is l(u)?
-7
Let h be ((-3)/12)/(5/(-40)). Let j(u) = u**3 - 3*u**2 + 2. Determine j(h).
-2
Let i be (9/(-6))/((-6)/8). Suppose i*z - 4 = 6. Let s(v) = -v + 8 + 5 - z. What is s(5)?
3
Let y(d) be the second derivative of d**7/2520 + d**6/240 + d**5/120 - 7*d**4/12 - d. Let a(p) be the third derivative of y(p). Calculate a(-3).
1
Let g = -105 - -101. Let p(w) = w**2 + 5*w - 3. Give p(g).
-7
Suppose -4*m + 27 = 7. Let j(z) = 4 + 0*z - 4*z + 3. Calculate j(m).
-13
Let u(x) = 4*x - 6. Suppose -b + 4*o - 3 = 0, -2*o + 30 = 4*b + 3*o. Give u(b).
14
Suppose -7*v + 12 + 16 = 0. Let r(f) = f**2 - f - 2. What is r(v)?
10
Let o be (0 + 1*-2)*-1. Let g be (1*2)/o + -2. Let n(k) = 3*k. Let y(r) = r. Let q(x) = -4*n(x) + 7*y(x). Calculate q(g).
5
Let r = 266 - 260. Let n(w) = -5*w**2 - 4*w. Let y(c) = c**2. Let g(h) = n(h) + 6*y(h). Give g(r).
12
Let s(b) be the second derivative of -b**6/120 + b**5/12 - b**4/24 - b**3/3 - 3*b**2 + 5*b. Let f(a) be the first derivative of s(a). Determine f(4).
10
Let t(l) be the first derivative of -l**5/20 - l**4/12 + l**3/6 - l**2/2 + 3*l + 2. Let i(h) be the first derivative of t(h). What is i(1)?
-2
Let i(a) = -a**2 - 2*a - 1. Let h(p) = -p**2 - 4*p - 2. Let z be h(-5). Let u(t) = -t - 7. Let q be u(z). Let l = q + -2. Calculate i(l).
-1
Let s(f) = -4 + 18 - 4 - f - 7. Let h = 6 + -10. Give s(h).
7
Let z(y) = 0*y + y - 3 + 4. Let i = -10 + 27. Suppose 4*v - 2 = 2*h - 26, -h = -3*v - i. What is z(v)?
-4
Let s(q) = -4*q - 21. Let t be s(-6). Let h(w) be the second derivative of -2*w**2 - 1/6*w**t + 0 - 3*w. Calculate h(0).
-4
Suppose -1 = 4*w - 9. Let r(n) = n**2 - 2*n. Let c(q) = -2*q**2 + 4*q. Let a(k) = w*c(k) + 5*r(k). Let y(b) = b - 9. Let t be y(12). Calculate a(t).
3
Suppose 2*x + 5 = -11. Let a be ((-12)/x)/(3/4). Let y(h) = 4*h + a - 1 + 0 - 5*h. Give y(3).
-2
Let r(w) = -2*w - 5. Let v be r(-5). Let h = v + -5. Let k(o) = -o**3 + o**2 - 6. What is k(h)?
-6
Let x = -6 + 11. Suppose -o = m + 2, -x*m + 0*o + 2*o = -4. Let n(r) = -8*r**2 + 5 + 0 - 1 + 9*r**2. Calculate n(m).
4
Let p(f) = -f**2 - 5*f - 2. Let i = 14 + -17. What is p(i)?
4
Let m(y) = -y - 1. Let n be m(5). Let d = -9 - n. Let i(p) = p**3 + 3*p**2 - p - 3. Determine i(d).
0
Let g(u) = 2*u + 6. Let w be -2*(-1)/(4/8). Suppose -w*z - 28 = -2*b, 6*z - 3*b + 24 = 3*z. What is g(z)?
-6
Let p(q) = q**2 - 1. Suppose d + 0*d - 4*t + 22 = 0, -5*t = -25. What is p(d)?
3
Let p = -43 - -61. Suppose 0 = -5*u + d + 8, 5*d = -2*u + 5*u - p. Let i(q) be the first derivative of -5*q**4/4 + q**2/2 - 2. Determine i(u).
-4
Suppose -14 = -5*o - 2*o. Let f be 0/((-3 + 2)/(-1)). Suppose 0*c - o*c = f. Let l(q) = q + 1. Calculate l(c).
1
Let o(t) = 15*t**3 - t**2 - t + 1. Suppose 2 = 5*d - 3. Calculate o(d).
14
Let x(o) = -o**3 - 1 + 1 + 14 - 6. Calculate x(0).
8
Let o(f) = -f**3 - 4*f**2 + 2*f + 3. Suppose p - 2 = -6. Give o(p).
-5
Suppose 15 = 4*j + 43. Let p(z) = -z**3 - 7*z**2 - 2*z - 6. What is p(j)?
8
Suppose 3*p + 2*g = -30, 50 = -5*p - 0*g - 5*g. Let i = -5 - p. Let t(r) = 4*r**3 - 6*r**2 - 3*r**3 + 5*r - 1 - 4. What is t(i)?
-5
Let c(k) = k + 14. Let t(g) = 2*g**2 - 12*g + 5. Let q be t(4). Give c(q).
3
Let m be 12*(6/24 + (-3)/(-36)). Let g(o) = -3*o + 3. What is g(m)?
-9
Let j(c) be the second derivative of -c**4/12 + c**3/6 - c**2/2 + c. What is j(3)?
-7
Let i(q) = 35*q**3 - 3*q**2 - 6*q + 5. Let k(m) = -12*m**3 + m**2 + 2*m - 2. Let v(c) = -3*i(c) - 8*k(c). Suppose 0*x = 2*x. Let z = -1 - x. Determine v(z).
9
Suppose -3*k - 12 = 6. Let g be ((-28)/42)/((-4)/k). Let z(d) = d - 1. Let y(b) = b + 5. Let m(a) = y(a) + 6*z(a). Determine m(g).
-8
Suppose 4*r + 0*r + 16 = 0. Let u(o) = o**2 + 7*o + 5. What is u(r)?
-7
Let g(f) = -2*f - 11. Let r(k) = -3*k - 22. Let p(m) = m + 10. Let d be p(-5). Let i = 10 - d. Let v(x) = i*g(x) - 3*r(x). Calculate v(5).
6
Let y(c) = c + 1. Let b be y(4). Suppose -b*z = -4*z. Let i(f) = -f + 4 + f**3 + 0*f + f**2 + 2. Give i(z).
6
Let b be (-3)/(-9) - 22/(-6). Let w(n) = -b - 2*n - 2*n**2 + 0 + n**3 + 0*n**2. Let z = 1075 + -1072. Determine w(z).
-1
Let a(t) = 2*t**3 - 2*t**2 + t + 1. Let n(y) = -y**3 + y**2 - y - 1. Let h(c) = a(c) + n(c). What is h(2)?
4
Let o = -7 - 1. Let u be (3/(-2))/(6/o). Let m(t) = 3*t**2 + t**3 + 0*t**2 - 2*t**u + 4 + 3*t**2 + 4*t. Calculate m(-3).
1
Let m(p) = p**3 + 5*p**2 - p - 5. Let o be 4/20 + (-19)/(-5). Suppose 4*v + 4*z + 18 = 3*z, -3*v - 23 = -o*z. Give m(v).
0
Let a be (-1)/2*(0 - 2). Let d(j) be the second derivative of 1/6*j**3 - 4*j + 0*j**2 + 0. What is d(a)?
1
Let k(m) = -2*m**2 + 4*m - 7. Let s(i) be the second derivative of 4/3*i**3 - 2*i - 1/3*i**4 - 13/2*i**2 + 0. Let o(n) = 11*k(n) - 6*s(n). Calculate o(3).
7
Let i(y) = -y - 3. Let x(u) = u + 3. Let g be 24/(-20)*(0 + -5). Let p(d) = g*x(d) + 5*i(d). Let v be (2/(-5))/(1/10). Determine p(v).
-1
Let q(v) = 17*v**2 - v**3 - 5*v + 0 - 2 - 23*v**2. Calculate q(-4).
-14
Let w(y) = -5*y**3 + y + 3*y**2 - 3*y**3 + 1 - 11*y**3 + 20*y**3. Determine w(-2).
3
Let l(b) be the third derivative of b**5/60 - b**4/8 - b**3/6 + 2*b**2. Suppose 2 + 2 = 2*q + g, q - 2 = -4*g. Give l(q).
-3
Let f(r) = 3*r**2 + 11*r - 1. Let k(d) be the second derivative of d**4/12 + d**3/6 + 3*d. Let j(z) = -f(z) + 4*k(z). Determine j(6).
-5
Let w(n) = n**3 - 9*n**2 + 10*n - 12. Let g be 30/25*(-20)/(-3). Determine w(g).
4
Suppose 0 = 5*k - 26 + 1. Let g(c) = -2*c**2 + 8*c + 2. Let l(j) = j**2 - 4*j - 1. Let y = -29 - -42. Let f(v) = y*l(v) + 6*g(v). What is f(k)?
4
Let w(l) be the third derivative of -l**5/12 + l**4/12 - l**3/6 + l**2. Suppose -6 = -2*b + 2. Suppose 4*y = -3*a + 7, b*y - 9 = -4*a - y. Determine w(a).
-4
Suppose -d + 8 = d. Let g(y) be the first derivative of -6*y + 7/2*y**2 - 1/3*y**3 + 2. Calculate g(d).
6
Suppose -16 + 4 = y. Suppose 4*x = -5*q + 51, -2*x = -q - 3*q + 20. Let i = y + q. Let a(c) = c + 2. Determine a(i).
-3
Let v(c) = -c + 2. Suppose 4*s = -2*s + 174. Let o = s + -24. What is v(o)?
-3
Suppose 0 = -4*t + l + 6, 0 = 4*t + 5*l - 6 - 12. Suppose t*k + 2 = -k - 2*h, -k + 11 = 3*h. Let b(p) = -p - 3. Calculate b(k).
1
Let c(z) be the third derivative of -z**6/120 - z**5/12 - z**4/4 - z**3/3 - z**2. Let p be 4 - (-4)/(-4) - 6. Let l be -5 - (-2 - (-4 - p)). Determine c(l).
6
Let q(r) be the first derivative of r**4/4 + 5*r**3/3 - 1. Let m be ((-10)/15)/((-4)/(-30)). Calculate q(m).
0
Let d(m) be the third derivative of m**5/60 + m**4/8 + m**3/2 + 11*m**2. Give d(-2).
1
Let g(t) = 7*t**2 + 2*t - 7. Let n(l) = -15*l**2 - 4*l + 15. Let p(h) 